.
2, 5
Let r(l) = -3*l**2 + 2*l + 1. Let o be r(-1). Let w(k) = k + 3. Let f be w(o). List the prime factors of f - (1 - (0 + 9)).
7
Let v be (-4)/(-18) - 130/18. Let a = v - -20. What are the prime factors of a?
13
Let s = -93 + 191. What are the prime factors of s?
2, 7
Suppose 0 = k + 3*m + m + 10, 0 = -5*k - 4*m - 50. Let q(z) = z**3 + 10*z**2 - 2*z - 8. List the prime factors of q(k).
2, 3
Suppose -10*c = -240 - 2170. What are the prime factors of c?
241
Let y(r) = r**3 - 7*r**2 + 16*r - 44. List the prime factors of y(10).
2, 13
Let n be -1*78/(-2)*1. Suppose -n - 16 = -5*a. Let x = 18 - a. List the prime factors of x.
7
Suppose 5*c = 27 + 38. Let z = 15 + c. What are the prime factors of z?
2, 7
Suppose 10 - 25 = 5*q. Let v(y) be the third derivative of -y**4/8 + y**3/3 - y**2. What are the prime factors of v(q)?
11
Let i = 5 + 84. What are the prime factors of i?
89
Let d be 4/20 - 64/(-5). Let b = d + -7. What are the prime factors of b?
2, 3
Let s = -3 + 2. Suppose -5*h = -10*h + 50. Let d = h - s. What are the prime factors of d?
11
Let s = 51 - 18. What are the prime factors of s?
3, 11
Let p(y) = y + 12. Let h be p(-9). Suppose 0*l + h*v = -5*l + 125, -3*v = -5*l + 95. What are the prime factors of l?
2, 11
Let w(u) = u - 2*u**2 + 4 + 1 + 5*u**2 - u**3 - 3. What are the prime factors of w(3)?
5
Let l = 72 + -59. What are the prime factors of l?
13
Let g be 2/8*13*-4. Let p = g - -24. What are the prime factors of p?
11
Let i(c) = 3*c + 2. Let l be i(-2). Let y be 3 + -1 - l/(-2). Let t = y - -6. List the prime factors of t.
2, 3
Let t = -8 - -14. Suppose 0 = -a + 2*a - t. List the prime factors of a.
2, 3
Let z be 1*3 - (-1 + 2). Suppose z*b - 5*s + 7*s = 34, 64 = 2*b - 4*s. What are the prime factors of 6/9 + b/3?
2
Let y(u) = -17*u - 2. Suppose -2*n = -5*m, 0*n = 2*m - 5*n - 21. Let i be y(m). Suppose 0*x - i = -4*x. What are the prime factors of x?
2
Let i = 33 + -17. Suppose 0 = -5*g - i - 4. Let t = 9 + g. What are the prime factors of t?
5
Suppose 43 = 5*x - 527. Suppose x = 3*q - 0*q - k, 0 = -5*k - 15. What are the prime factors of q?
37
Suppose -4*h + 5*z = -h - 74, -3*h = -3*z - 78. List the prime factors of h.
2, 7
Let y(p) = -p**3 + 3*p**2 + 4. Let b be y(3). Suppose -b*k + 32 = -0*k. What are the prime factors of k?
2
Suppose 0 = 5*j + d - 4, -2*d + 7 = -5*j - 1. Let f be 1 + (j - -1)*1. Suppose -a - f*a = -54. What are the prime factors of a?
2, 3
Let o(g) = g**2 - 3. Let z be o(3). Suppose 3*d = z*d. Suppose -4*b + 108 - 36 = d. What are the prime factors of b?
2, 3
Suppose -6*b + 2*b = -20. Suppose -2 = -2*i - 5*k, 4*i = 4*k - 2*k + 52. Let h = i - b. List the prime factors of h.
2, 3
Let p(b) = b - 1. Let q be p(5). Suppose -f = -6*f + 3*i + 340, 5*f = -q*i + 340. List the prime factors of (-4)/12 - f/(-6).
11
Suppose -2*r - w + 18 = w, 5*r = 5*w + 15. Suppose -14 = -5*a + 1. Let v = r + a. What are the prime factors of v?
3
Let q = 90 + -56. Suppose -4*n = -q - 22. What are the prime factors of n?
2, 7
Let c = 1 - 1. Suppose c - 2 = -2*w. Let o = w - -7. List the prime factors of o.
2
Let d(a) = -a**3 - 8*a**2 - 15*a + 2. What are the prime factors of d(-7)?
2, 29
Let n(g) = -g**2 - g. Let x be n(0). Let p be 9/(-27) + 188/6. Suppose -5*j + p = 3*t, x = -0*t - 3*t - j + 35. What are the prime factors of t?
2, 3
Let t be ((-24)/(-14))/(2/(-133)). Let i = 51 + t. Let g = -44 - i. List the prime factors of g.
19
Let l = 85 - 61. List the prime factors of l.
2, 3
Let h = 0 - -2. Suppose 5*o = -2*r + 145, 0 = h*o - 0*o + 3*r - 58. Suppose 0 = -4*j + o + 19. List the prime factors of j.
2, 3
Let q(a) = -6*a - 6. Let w(v) = -5*v**3 + 2*v**2 - 1. Let c(f) = f**2 - 6*f + 6. Let r be c(5). Let p be w(r). What are the prime factors of q(p)?
2, 3
Let c = -44 - -52. What are the prime factors of c?
2
Suppose 0 = 4*q + 5*d + 9, -18 = -5*q - d - 3. Let l(c) = -35*c + 2. Let j be l(-2). Suppose w = 6*w - 2*n - j, w - 18 = q*n. What are the prime factors of w?
2, 7
List the prime factors of 93 - ((-3 - -2) + -2).
2, 3
What are the prime factors of (-13755)/(-42) + 2/(-4)?
3, 109
Suppose 3 + 25 = 4*a. List the prime factors of a.
7
Let b(h) = h**3 + 15*h**2 + 18*h + 4. What are the prime factors of b(-13)?
2, 3
Suppose k - 29 = 2*s, -3*k + 55 = -4*s + 2*k. What are the prime factors of (1/(-3))/(1/s)?
5
List the prime factors of (-482)/(-2) + (-7 - -4) + 0.
2, 7, 17
Let x = 32 - 13. Let m = x + -9. Let p = m + -5. What are the prime factors of p?
5
Let b(r) = -r**2 - 9*r + 1. What are the prime factors of b(-8)?
3
Suppose -7*o = -68 - 191. List the prime factors of o.
37
Let y(x) be the second derivative of 3*x**3 - x + 0 + 1/2*x**2. What are the prime factors of y(1)?
19
Let g be 1*(-10)/(2 - 4). Suppose -28 = p - g*p. What are the prime factors of p?
7
Suppose -g = 4*r - 318, 0 = r + g - 3*g - 84. List the prime factors of r.
2, 5
Let s(z) = z + 4. Let f be s(-5). Suppose 4*u - 5*p = -8, -4*p = u + 3*u - 28. List the prime factors of -2*15/(u*f).
2, 5
Suppose -5*j - 12 + 32 = 0. Suppose -5 = -j*s + 19. What are the prime factors of s?
2, 3
Let i be (3/(-2))/((-3)/14). Let m = i + -5. What are the prime factors of m?
2
Let h = 359 - 244. List the prime factors of h.
5, 23
Let s be (14 + -4)*(-1)/(-2). Let p = 4 - s. Let i = p + 8. What are the prime factors of i?
7
Let h(b) = -6 + 3 - 2*b**3 + 2 - 4*b**2 - 3*b. Let q be h(-2). Suppose 2*x = q*x - 36. List the prime factors of x.
2, 3
Suppose -r + 3 = -2*s - 2, s = -2*r. Let y be (r - -23)*3/6. Suppose -3 - y = -5*z. What are the prime factors of z?
3
Let w(u) = 152*u**2 + u + 1. What are the prime factors of w(-1)?
2, 19
Let d be (-2)/((-2)/4 + 0). Suppose -d*s = s. Suppose s = -c - y + 8, -2*y - 11 = -1. List the prime factors of c.
13
Suppose -5*k = 4*v + 13, -3*k + 4*k - 7 = 4*v. Let a = k - 3. Let r = 10 + a. What are the prime factors of r?
2, 3
Let y(r) = 2*r**2 + 4*r - 2. What are the prime factors of y(3)?
2, 7
Let q = 353 + -96. List the prime factors of q.
257
Suppose -1 = 2*a + 5. Let j = a - -5. What are the prime factors of j?
2
Let w = -7 - -12. Suppose -5*q + s = w*s - 19, -4 = s. List the prime factors of (-1 + 0)*(-6 - q).
13
Suppose -5*l + 12 = -8. Suppose 2*y - 4*c - 30 = 0, 0 = -3*y + 7*y + l*c - 24. List the prime factors of y.
3
Let g = -27 + 55. Let o = -9 - -13. Suppose -2*w + 2*u + 0 = -g, 5*u = o*w - 58. List the prime factors of w.
2, 3
Suppose 7*g = 4*g + 357. Suppose -5*k - g + 384 = 0. List the prime factors of k.
53
Let x = -2 + 6. Suppose 27 = z + k, x + 16 = -4*k. What are the prime factors of z?
2
Suppose -2*f + f - 3*u + 65 = 0, 0 = -5*f + 2*u + 393. List the prime factors of f.
7, 11
Let p(z) = 1 + 3*z - 9*z + 2 + z**2 - 6. What are the prime factors of p(8)?
13
Let z(y) = -y**2 + y + 5. Let l be z(0). Suppose 5*c - l*p = 5, -2*c - 5*p + 0*p = -9. Let g = 1 + c. List the prime factors of g.
3
Suppose 5*g + 2240 = 9*g. What are the prime factors of ((-12)/10)/((-32)/g)?
3, 7
Let w = -13 - -8. Let k = w + 13. Let m = k - 5. List the prime factors of m.
3
Let k be (-12)/10*240/36. Suppose 1 = -4*d - 3. Let j = d - k. List the prime factors of j.
7
Suppose l - 1 + 0 = 0. What are the prime factors of (-114)/2*l/(-3)?
19
Suppose 0*y - 6 = -3*y. Suppose 3*l = 3*d - 54, 4*d = y*l + 135 - 53. Suppose 2*n + 5 = d. What are the prime factors of n?
3
Let l be (-3)/(-5) - 54/(-10). List the prime factors of 2 + 2*75/l.
3
Let x(o) = -o**2 - 16*o - 32. List the prime factors of x(-13).
7
Let h = -5 - -7. Suppose -x + 2*i = -i - 15, -5*x + h*i + 75 = 0. What are the prime factors of x?
3, 5
What are the prime factors of (-2 - -1)/(1/(-115) + 0)?
5, 23
Let v = 137 - -13. What are the prime factors of v?
2, 3, 5
Let t be 2 + (-3 - 0) - -1. Suppose 3*z - 3 = -t*z. List the prime factors of 2/(z + (-21)/24).
2
Suppose -13 + 3 = -5*h. Suppose h*q + 0*q - 20 = 0. What are the prime factors of (-134)/(-10) + (-4)/q?
13
Let z(l) = 8*l**2 - 13*l + 5. List the prime factors of z(5).
2, 5, 7
Suppose -4*y + 3 = 27. Let v(b) = b + 8. List the prime factors of v(y).
2
Let h be -147*(-4)/6 - -1. Let w = h - 66. List the prime factors of 4/22 + 390/w.
2, 3
Let o = 426 - 304. List the prime factors of o.
2, 61
Let u(i) = i**2 - 6*i + 5. Let g be -1 - 0 - (1 - 2). Suppose